{"id":342,"date":"2025-02-26T17:43:31","date_gmt":"2025-02-26T16:43:31","guid":{"rendered":"https:\/\/uncannypolitics.org\/?page_id=342"},"modified":"2025-03-03T20:42:51","modified_gmt":"2025-03-03T19:42:51","slug":"exo-id","status":"publish","type":"page","link":"https:\/\/uncannypolitics.org\/index.php\/creations\/animation\/exo-id\/","title":{"rendered":"Exo-ID"},"content":{"rendered":"\n<figure class=\"wp-block-embed is-type-video is-provider-youtube wp-block-embed-youtube wp-embed-aspect-16-9 wp-has-aspect-ratio\"><div class=\"wp-block-embed__wrapper\">\n<iframe loading=\"lazy\" title=\"Exo-ID\" width=\"500\" height=\"281\" src=\"https:\/\/www.youtube.com\/embed\/yoyUV4NTvI0?feature=oembed\" frameborder=\"0\" allow=\"accelerometer; autoplay; clipboard-write; encrypted-media; gyroscope; picture-in-picture; web-share\" referrerpolicy=\"strict-origin-when-cross-origin\" allowfullscreen><\/iframe>\n<\/div><\/figure>\n\n\n\n<p><strong>2017<\/strong><\/p>\n\n\n\n<p>M\u00e9diums: scanner, latex, slitscan, programme de traitement d&#8217;images<\/p>\n\n\n\n<figure class=\"wp-block-gallery has-nested-images columns-default is-cropped wp-block-gallery-1 is-layout-flex wp-block-gallery-is-layout-flex\">\n<figure class=\"wp-block-image size-large\"><img decoding=\"async\" width=\"724\" height=\"1024\" data-id=\"669\" src=\"https:\/\/uncannypolitics.org\/wp-content\/uploads\/2025\/03\/foe28-724x1024.jpg\" alt=\"\" class=\"wp-image-669\" srcset=\"https:\/\/uncannypolitics.org\/wp-content\/uploads\/2025\/03\/foe28-724x1024.jpg 724w, https:\/\/uncannypolitics.org\/wp-content\/uploads\/2025\/03\/foe28-212x300.jpg 212w, https:\/\/uncannypolitics.org\/wp-content\/uploads\/2025\/03\/foe28-768x1086.jpg 768w, https:\/\/uncannypolitics.org\/wp-content\/uploads\/2025\/03\/foe28-1086x1536.jpg 1086w, https:\/\/uncannypolitics.org\/wp-content\/uploads\/2025\/03\/foe28-scaled.jpg 1810w\" sizes=\"(max-width: 724px) 100vw, 724px\" \/><\/figure>\n\n\n\n<figure class=\"wp-block-image size-large\"><img decoding=\"async\" width=\"724\" height=\"1024\" data-id=\"675\" src=\"https:\/\/uncannypolitics.org\/wp-content\/uploads\/2025\/03\/cls09-724x1024.jpg\" alt=\"\" class=\"wp-image-675\" srcset=\"https:\/\/uncannypolitics.org\/wp-content\/uploads\/2025\/03\/cls09-724x1024.jpg 724w, https:\/\/uncannypolitics.org\/wp-content\/uploads\/2025\/03\/cls09-212x300.jpg 212w, https:\/\/uncannypolitics.org\/wp-content\/uploads\/2025\/03\/cls09-768x1086.jpg 768w, https:\/\/uncannypolitics.org\/wp-content\/uploads\/2025\/03\/cls09-1086x1536.jpg 1086w, https:\/\/uncannypolitics.org\/wp-content\/uploads\/2025\/03\/cls09-scaled.jpg 1810w\" sizes=\"(max-width: 724px) 100vw, 724px\" \/><\/figure>\n\n\n\n<figure class=\"wp-block-image size-large\"><img decoding=\"async\" width=\"724\" height=\"1024\" data-id=\"676\" src=\"https:\/\/uncannypolitics.org\/wp-content\/uploads\/2025\/03\/cls105-724x1024.jpg\" alt=\"\" class=\"wp-image-676\" srcset=\"https:\/\/uncannypolitics.org\/wp-content\/uploads\/2025\/03\/cls105-724x1024.jpg 724w, https:\/\/uncannypolitics.org\/wp-content\/uploads\/2025\/03\/cls105-212x300.jpg 212w, https:\/\/uncannypolitics.org\/wp-content\/uploads\/2025\/03\/cls105-768x1086.jpg 768w, https:\/\/uncannypolitics.org\/wp-content\/uploads\/2025\/03\/cls105-1086x1536.jpg 1086w, https:\/\/uncannypolitics.org\/wp-content\/uploads\/2025\/03\/cls105-scaled.jpg 1810w\" sizes=\"(max-width: 724px) 100vw, 724px\" \/><\/figure>\n<\/figure>\n\n\n\n<figure class=\"wp-block-gallery has-nested-images columns-default is-cropped wp-block-gallery-2 is-layout-flex wp-block-gallery-is-layout-flex\">\n<figure class=\"wp-block-image size-large\"><img decoding=\"async\" width=\"724\" height=\"1024\" data-id=\"678\" src=\"https:\/\/uncannypolitics.org\/wp-content\/uploads\/2025\/03\/I1-724x1024.jpg\" alt=\"\" class=\"wp-image-678\" srcset=\"https:\/\/uncannypolitics.org\/wp-content\/uploads\/2025\/03\/I1-724x1024.jpg 724w, https:\/\/uncannypolitics.org\/wp-content\/uploads\/2025\/03\/I1-212x300.jpg 212w, https:\/\/uncannypolitics.org\/wp-content\/uploads\/2025\/03\/I1-768x1086.jpg 768w, https:\/\/uncannypolitics.org\/wp-content\/uploads\/2025\/03\/I1-1086x1536.jpg 1086w, https:\/\/uncannypolitics.org\/wp-content\/uploads\/2025\/03\/I1-scaled.jpg 1810w\" sizes=\"(max-width: 724px) 100vw, 724px\" \/><\/figure>\n\n\n\n<figure class=\"wp-block-image size-large\"><img decoding=\"async\" width=\"724\" height=\"1024\" data-id=\"680\" src=\"https:\/\/uncannypolitics.org\/wp-content\/uploads\/2025\/03\/end0010-724x1024.jpg\" alt=\"\" class=\"wp-image-680\" srcset=\"https:\/\/uncannypolitics.org\/wp-content\/uploads\/2025\/03\/end0010-724x1024.jpg 724w, https:\/\/uncannypolitics.org\/wp-content\/uploads\/2025\/03\/end0010-212x300.jpg 212w, https:\/\/uncannypolitics.org\/wp-content\/uploads\/2025\/03\/end0010-768x1086.jpg 768w, https:\/\/uncannypolitics.org\/wp-content\/uploads\/2025\/03\/end0010-1086x1536.jpg 1086w, https:\/\/uncannypolitics.org\/wp-content\/uploads\/2025\/03\/end0010-scaled.jpg 1810w\" sizes=\"(max-width: 724px) 100vw, 724px\" \/><\/figure>\n\n\n\n<figure class=\"wp-block-image size-large\"><img decoding=\"async\" width=\"724\" height=\"1024\" data-id=\"670\" src=\"https:\/\/uncannypolitics.org\/wp-content\/uploads\/2025\/03\/foe37-724x1024.jpg\" alt=\"\" class=\"wp-image-670\" srcset=\"https:\/\/uncannypolitics.org\/wp-content\/uploads\/2025\/03\/foe37-724x1024.jpg 724w, https:\/\/uncannypolitics.org\/wp-content\/uploads\/2025\/03\/foe37-212x300.jpg 212w, https:\/\/uncannypolitics.org\/wp-content\/uploads\/2025\/03\/foe37-768x1086.jpg 768w, https:\/\/uncannypolitics.org\/wp-content\/uploads\/2025\/03\/foe37-1086x1536.jpg 1086w, https:\/\/uncannypolitics.org\/wp-content\/uploads\/2025\/03\/foe37-scaled.jpg 1810w\" sizes=\"(max-width: 724px) 100vw, 724px\" \/><\/figure>\n<\/figure>\n\n\n\n<figure class=\"wp-block-gallery has-nested-images columns-default is-cropped wp-block-gallery-3 is-layout-flex wp-block-gallery-is-layout-flex\">\n<figure class=\"wp-block-image size-large\"><img decoding=\"async\" width=\"724\" height=\"1024\" data-id=\"661\" src=\"https:\/\/uncannypolitics.org\/wp-content\/uploads\/2025\/03\/B22-724x1024.jpg\" alt=\"\" class=\"wp-image-661\" srcset=\"https:\/\/uncannypolitics.org\/wp-content\/uploads\/2025\/03\/B22-724x1024.jpg 724w, https:\/\/uncannypolitics.org\/wp-content\/uploads\/2025\/03\/B22-212x300.jpg 212w, https:\/\/uncannypolitics.org\/wp-content\/uploads\/2025\/03\/B22-768x1086.jpg 768w, https:\/\/uncannypolitics.org\/wp-content\/uploads\/2025\/03\/B22-1086x1536.jpg 1086w, https:\/\/uncannypolitics.org\/wp-content\/uploads\/2025\/03\/B22-scaled.jpg 1810w\" sizes=\"(max-width: 724px) 100vw, 724px\" \/><\/figure>\n\n\n\n<figure class=\"wp-block-image size-large\"><img decoding=\"async\" width=\"724\" height=\"1024\" data-id=\"664\" src=\"http:\/\/uncannypolitics.org\/wp-content\/uploads\/2025\/03\/B52-724x1024.jpg\" alt=\"\" class=\"wp-image-664\" srcset=\"https:\/\/uncannypolitics.org\/wp-content\/uploads\/2025\/03\/B52-724x1024.jpg 724w, https:\/\/uncannypolitics.org\/wp-content\/uploads\/2025\/03\/B52-212x300.jpg 212w, https:\/\/uncannypolitics.org\/wp-content\/uploads\/2025\/03\/B52-768x1086.jpg 768w, https:\/\/uncannypolitics.org\/wp-content\/uploads\/2025\/03\/B52-1086x1536.jpg 1086w, https:\/\/uncannypolitics.org\/wp-content\/uploads\/2025\/03\/B52-scaled.jpg 1810w\" sizes=\"(max-width: 724px) 100vw, 724px\" \/><\/figure>\n<\/figure>\n\n\n\n<p><em>Exo-ID<\/em> travaille l&#8217;empreinte du visage et son assimilation au processus d&#8217;animation 2D. Par un moule en latex du visage de l&#8217;artiste, applatit contre un scanner et soumis \u00e0 diff\u00e9rentes pratiques de torsions de mati\u00e8re et de donn\u00e9es (<em>slitscan<\/em>, <em>databending<\/em>, d\u00e9chirement et contractions), l&#8217;identit\u00e9 devient prot\u00e9\u00efforme, fondue dans le dispositif technique et le son. L&#8217;ensemble soul\u00e8ve des dynamiques de rivalit\u00e9s entre m\u00e9diums et ontologies, dans une perception oscillant entre le macroscopique et le microscopique.<\/p>\n","protected":false},"excerpt":{"rendered":"<p>2017 M\u00e9diums: scanner, latex, slitscan, programme de traitement d&#8217;images Exo-ID travaille l&#8217;empreinte du visage et son assimilation au processus d&#8217;animation 2D. Par un moule en latex du visage de l&#8217;artiste, applatit contre un scanner et soumis \u00e0 diff\u00e9rentes pratiques de torsions de mati\u00e8re et de donn\u00e9es (slitscan, databending, d\u00e9chirement et contractions), l&#8217;identit\u00e9 devient prot\u00e9\u00efforme, fondue [&hellip;]<\/p>\n","protected":false},"author":1,"featured_media":0,"parent":187,"menu_order":0,"comment_status":"closed","ping_status":"closed","template":"","meta":{"footnotes":""},"class_list":["post-342","page","type-page","status-publish"],"_links":{"self":[{"href":"https:\/\/uncannypolitics.org\/index.php\/wp-json\/wp\/v2\/pages\/342","targetHints":{"allow":["GET"]}}],"collection":[{"href":"https:\/\/uncannypolitics.org\/index.php\/wp-json\/wp\/v2\/pages"}],"about":[{"href":"https:\/\/uncannypolitics.org\/index.php\/wp-json\/wp\/v2\/types\/page"}],"author":[{"embeddable":true,"href":"https:\/\/uncannypolitics.org\/index.php\/wp-json\/wp\/v2\/users\/1"}],"replies":[{"embeddable":true,"href":"https:\/\/uncannypolitics.org\/index.php\/wp-json\/wp\/v2\/comments?post=342"}],"version-history":[{"count":10,"href":"https:\/\/uncannypolitics.org\/index.php\/wp-json\/wp\/v2\/pages\/342\/revisions"}],"predecessor-version":[{"id":753,"href":"https:\/\/uncannypolitics.org\/index.php\/wp-json\/wp\/v2\/pages\/342\/revisions\/753"}],"up":[{"embeddable":true,"href":"https:\/\/uncannypolitics.org\/index.php\/wp-json\/wp\/v2\/pages\/187"}],"wp:attachment":[{"href":"https:\/\/uncannypolitics.org\/index.php\/wp-json\/wp\/v2\/media?parent=342"}],"curies":[{"name":"wp","href":"https:\/\/api.w.org\/{rel}","templated":true}]}}