{"id":262,"date":"2025-02-25T18:05:19","date_gmt":"2025-02-25T17:05:19","guid":{"rendered":"https:\/\/uncannypolitics.org\/?page_id=262"},"modified":"2025-11-13T18:33:02","modified_gmt":"2025-11-13T17:33:02","slug":"publications","status":"publish","type":"page","link":"https:\/\/uncannypolitics.org\/index.php\/recherche\/publications\/","title":{"rendered":"PUBLICATIONS"},"content":{"rendered":"\n<ul class=\"wp-block-list\">\n<li>A. Ordonneau et N. Royle, Uncanny Reminiscing : Nicholas Royle in conversation with Adrien Ordon-<br>neau, Textual Practice, 1-19, Routledge, 2025<\/li>\n\n\n\n<li><a href=\"https:\/\/www.tandfonline.com\/doi\/full\/10.1080\/0950236X.2025.2488649\" data-type=\"link\" data-id=\"https:\/\/www.tandfonline.com\/doi\/full\/10.1080\/0950236X.2025.2488649\">https:\/\/www.tandfonline.com\/doi\/full\/10.1080\/0950236X.2025.2488649<\/a><\/li>\n<\/ul>\n\n\n\n<ul class=\"wp-block-list\">\n<li>A. Ordonneau, &#8220;Reduce me to nothingness&#8221;, R\u00e9p\u00e9tition dans le n\u00e9o-lib\u00e9ralisme entre h\u00e9donisme et pulsion<br>de mort, TransversALL, Universit\u00e9 Rennes 2, 2024<\/li>\n\n\n\n<li><a href=\"https:\/\/transversall.hypotheses.org\/files\/2024\/05\/Ordonneau.pdf\" data-type=\"link\" data-id=\"https:\/\/transversall.hypotheses.org\/files\/2024\/05\/Ordonneau.pdf\">https:\/\/transversall.hypotheses.org\/files\/2024\/05\/Ordonneau.pdf<\/a><\/li>\n<\/ul>\n\n\n\n<ul class=\"wp-block-list\">\n<li>A. Ordonneau, La vall\u00e9e du d\u00e9sordre, au seuil utopique des musiques \u00e9lectroniques, \u00c9ditions du cavalier<br>Bleu, Paris 1 Panth\u00e9on Sorbonne, 2022<\/li>\n\n\n\n<li><a href=\"https:\/\/shs.cairn.info\/esthetiques-du-desordre--9791031805450-page-235?lang=fr&amp;tab=texte-integral\" data-type=\"link\" data-id=\"https:\/\/shs.cairn.info\/esthetiques-du-desordre--9791031805450-page-235?lang=fr&amp;tab=texte-integral\">https:\/\/shs.cairn.info\/esthetiques-du-desordre&#8211;9791031805450-page-235?lang=fr&amp;tab=texte-integral<\/a><\/li>\n<\/ul>\n\n\n\n<ul class=\"wp-block-list\">\n<li>A. Ordonneau, Unstoppable Decay and Relentless Hope, a Study of Alterity in Popular Culture, INSAM<br>Journal of Contemporary Music Art and Technology, 2021<\/li>\n\n\n\n<li><a href=\"https:\/\/insamjournal.com\/index.php\/ij\/article\/view\/17\" data-type=\"link\" data-id=\"https:\/\/insamjournal.com\/index.php\/ij\/article\/view\/17\">https:\/\/insamjournal.com\/index.php\/ij\/article\/view\/17<\/a><\/li>\n<\/ul>\n\n\n\n<ul class=\"wp-block-list\">\n<li>A. Ordonneau, Retro Tendencies, Decay and Haunted Media in Hybrid Electronic Music, INSAM Journal<br>of Contemporary Music Art and Technology, 2019<\/li>\n\n\n\n<li><a href=\"https:\/\/insamjournal.com\/index.php\/ij\/article\/view\/28\" data-type=\"link\" data-id=\"https:\/\/insamjournal.com\/index.php\/ij\/article\/view\/28\">https:\/\/insamjournal.com\/index.php\/ij\/article\/view\/28<\/a><\/li>\n<\/ul>\n\n\n\n<p><\/p>\n","protected":false},"excerpt":{"rendered":"","protected":false},"author":1,"featured_media":0,"parent":272,"menu_order":0,"comment_status":"closed","ping_status":"closed","template":"","meta":{"footnotes":""},"class_list":["post-262","page","type-page","status-publish"],"_links":{"self":[{"href":"https:\/\/uncannypolitics.org\/index.php\/wp-json\/wp\/v2\/pages\/262","targetHints":{"allow":["GET"]}}],"collection":[{"href":"https:\/\/uncannypolitics.org\/index.php\/wp-json\/wp\/v2\/pages"}],"about":[{"href":"https:\/\/uncannypolitics.org\/index.php\/wp-json\/wp\/v2\/types\/page"}],"author":[{"embeddable":true,"href":"https:\/\/uncannypolitics.org\/index.php\/wp-json\/wp\/v2\/users\/1"}],"replies":[{"embeddable":true,"href":"https:\/\/uncannypolitics.org\/index.php\/wp-json\/wp\/v2\/comments?post=262"}],"version-history":[{"count":12,"href":"https:\/\/uncannypolitics.org\/index.php\/wp-json\/wp\/v2\/pages\/262\/revisions"}],"predecessor-version":[{"id":963,"href":"https:\/\/uncannypolitics.org\/index.php\/wp-json\/wp\/v2\/pages\/262\/revisions\/963"}],"up":[{"embeddable":true,"href":"https:\/\/uncannypolitics.org\/index.php\/wp-json\/wp\/v2\/pages\/272"}],"wp:attachment":[{"href":"https:\/\/uncannypolitics.org\/index.php\/wp-json\/wp\/v2\/media?parent=262"}],"curies":[{"name":"wp","href":"https:\/\/api.w.org\/{rel}","templated":true}]}}